 when 50 is divided by a(-10)?
2
Calculate the remainder when (-276)/10*11/(-22)*1*5 is divided by 55.
14
Let u(v) = -2*v**2 - 13*v - 6. Let y be u(-7). Let x = 15 + y. What is the remainder when 112 is divided by (3/(-6)*-23)/(1/x)?
20
Suppose 3*p - 28 = 47. Suppose -2*i - 3*x + 4 = -26, -i - 4*x = -p. Suppose i = 3*a, 3*z - 60 = -0*a - 2*a. Calculate the remainder when z is divided by 7.
4
Let f = 1903 + -1867. Calculate the remainder when 394 is divided by f.
34
Let x(c) = -49*c**2 + 10*c - 2. Let d be x(2). Calculate the remainder when -1 + 1 - d/2 is divided by 41.
7
Suppose 91 = 3*j + k, -2*j - 2*k - 50 = -4*j. Let l(d) = -d**3 - d**2 - 4*d - 4. What is the remainder when l(-6) is divided by j?
26
Suppose 924 = -15*f + 19*f. Suppose -4*b - b - 126 = -3*v, 0 = -b. Calculate the remainder when v is divided by (-2)/8 - (f/(-12) + 7).
6
Suppose 5*d - 64 = 4*m, 3*m = -2*d + 18 + 3. Suppose 0 = 52*b - 80*b + 1904. What is the remainder when b is divided by d?
8
Let o(c) = -2*c + 8. Let f be o(11). Let l(y) = 4*y**3 + 2*y**2 - 67*y + 128. What is the remainder when l(2) is divided by (-4)/(-14) - 276/f?
14
Suppose -5*y = -5*w + 110, -y + 4*y + 2*w = -81. Let g = y - -41. What is the remainder when 110 is divided by g?
14
Suppose 14*a + 3 = 3. Suppose a = -5*v + 5*k + 380, 5*k + 88 = 2*v - v. Let c = v + 30. Calculate the remainder when c is divided by 12.
7
Let y(d) = -d**3 - 14*d**2 - 3*d + 49. Calculate the remainder when 635 is divided by y(-14).
89
Suppose 3*h - 30*s + 29*s - 37 = 0, -3*s + 71 = 5*h. Let l = -19 - -36. What is the remainder when l is divided by h?
4
Let h(v) = -v**2 + 28. Let b be h(0). What is the remainder when 21 is divided by (-6 + 5)*b/(-2)?
7
Let f(j) = 3*j**2 + 9*j + 3. Let n be f(-3). Let p(u) = 4*u**3 - 5*u**n + 14*u**2 + 13 - 42 + 18*u. Calculate the remainder when 44 is divided by p(15).
12
Suppose -12*h + 14*h = 4*a - 8060, -4*a - 3*h = -8070. Calculate the remainder when 83 is divided by (1 + (-6)/4)*a/(-24).
41
Calculate the remainder when (80/(-4))/(-60) - (-23933)/3 is divided by 60.
58
What is the remainder when 853 is divided by (-3875)/225 + 17 + 1788/27?
61
Let m(y) = -y**2 + 13*y - 13. Let g be m(9). Suppose -18*b + g*b = -475. Let j = -79 - b. Calculate the remainder when 68 is divided by j.
4
Let f = -6948 + 7027. What is the remainder when 145 is divided by f?
66
Suppose 118*g = 115*g + 9. Suppose 4*j - 5 = g. What is the remainder when 8 is divided by j?
0
Let a = 272 - 240. Suppose a = 7*z - 6*z. What is the remainder when z is divided by 19?
13
Let s be (13 - 11)/((-2)/24). Calculate the remainder when 71 is divided by (-7)/(42/36) - s.
17
Let u(w) = 2*w**3 - 4*w**2 + 7*w + 7. Let g be u(5). Let h = g + -184. Calculate the remainder when 42 is divided by h.
2
Suppose -26*w + 2205 = -21*w. Suppose 15*l + w - 1401 = 0. Calculate the remainder when 255 is divided by l.
63
Let b = 29140 + -28857. Calculate the remainder when 332 is divided by b.
49
Suppose 2590 = -51*q + 11464. What is the remainder when 345 is divided by q?
171
Let k = -7 - -13. Let r = 151 + -147. Suppose 0 = r*m - m - 9, 3*m = 5*t - 41. Calculate the remainder when t is divided by k.
4
Suppose 240 = 3*c - 33. Suppose 2*y - 4*a + 4239 = 4285, -3*y + 69 = 3*a. Calculate the remainder when c is divided by y.
22
Calculate the remainder when 190/8*(7 - (-6 + 6) - 3) is divided by 12.
11
Suppose 0 = 41*x - 2918 + 827. Calculate the remainder when 198 is divided by x.
45
Suppose 0 = -15*u + 22*u - 3094. Let b = 450 - u. What is the remainder when 142 is divided by b?
6
Suppose -l = 4*l + 15, -24 = -3*o - 3*l. Let x(k) be the first derivative of -k**3/3 + 9*k**2/2 + 52*k + 35. What is the remainder when x(11) is divided by o?
8
Suppose 3*z = 2*b + 87, -5*b + 3*b = 0. Let c = 414 + -60. Suppose -4*d + 98 = -c. What is the remainder when d is divided by z?
26
Suppose -14*d = -80820 - 21784 + 4086. Calculate the remainder when d is divided by 64.
61
Suppose -16 = -3*y + 38. Suppose 2*k - 2 + 10 = 0. Let g(d) = 3*d**2 + 3*d - 2. What is the remainder when g(k) is divided by y?
16
Let y = -2670 + 3442. Calculate the remainder when y is divided by 20.
12
Suppose -68 = -5*k - 104*m + 108*m, m - 35 = -2*k. Calculate the remainder when 3*17*(-27)/(-3) is divided by k.
11
Let d(f) = -1015*f - 5256. What is the remainder when d(-7) is divided by 12?
1
Suppose 3*z - 213 - 216 = 5*j, -572 = -4*z - 6*j. What is the remainder when 435 is divided by z?
6
Suppose -2*j - 58 = -2*u, -j = 3*u - 89 - 6. What is the remainder when 10289 is divided by u?
28
Let t(a) = 28*a - 13. Let x = -163 - -167. Let y(v) = 5*v**2 - 6*v - 6. Calculate the remainder when t(x) is divided by y(-2).
21
Let k(q) = q + 14. Let v be k(-11). Suppose 0 = v*j + 49 + 59. Let n = j + 48. What is the remainder when 46 is divided by n?
10
Let o = -1 - -3. Suppose -o*p + 0*p = -58. Let b = -4274638 - -4274751. Calculate the remainder when b is divided by p.
26
Let s(o) = 2*o**3 - 5*o**2 - 26*o + 5. Suppose 5*y = x - 67, -2*y + 2 = -3*x + 203. Calculate the remainder when s(7) is divided by x.
63
Let t(r) = -r**2 - 13*r - 5. Let y be t(-12). Suppose 4*p = 3*m + 742, y*m - 4*m + 368 = 2*p. Calculate the remainder when p is divided by 27.
25
Suppose 26275 = 85*b - 21495. Calculate the remainder when b is divided by 95.
87
Let q = 41 - 28. Let w = -24 + q. Let j = 2 - w. What is the remainder when 63 is divided by j?
11
Let i(n) = -156*n - 372. What is the remainder when i(-3) is divided by 18?
6
Let c be (2 - -14)/(-7 - 705/(-101)). Calculate the remainder when c/(-18) + 13 + 232/(-18) is divided by 14.
3
Suppose -11987 = -144*b + 11773. Calculate the remainder when b is divided by 84.
81
Let n(c) = 13*c**2 - 5*c - 4. Let f be n(-1). Suppose -3433 = f*x + 487. Calculate the remainder when 6/18 + x/(-6) - 4 is divided by 16.
11
Suppose 204*z + 22*z - 70180 = 6*z. Calculate the remainder when 570 is divided by z.
251
Let v = -7 + 13. Suppose -5*d + 3*d = g - 23, -2*d + g + 17 = 0. Suppose -5*i - 10 = d, 3*p = 5*i + 35. Calculate the remainder when v is divided by p.
1
Let p be (-5)/(45/(-591)) - (-2)/(-3). Let r = 71 - p. Suppose -5*k = r*k - 2035. Calculate the remainder when k is divided by 47.
44
Let q be 3/((-1)/((-12)/(-4) - 4)). What is the remainder when (2/q)/((-5)/(-1740)) is divided by 30?
22
Suppose 41*z - 4320 = -1737. Calculate the remainder when 94 is divided by z.
31
Let i(y) = 41*y**3 + y**2 + y - 1. Calculate the remainder when 13/(-8)*38*(-10 + 4 + 2) is divided by i(1).
37
Let d(m) = m**3 - 8*m**2 + 12*m + 51. Let c be d(12). Suppose -21*v - 162 + c = 0. Calculate the remainder when v is divided by 24.
5
Let c(y) = -436*y - 8329. What is the remainder when 729 is divided by c(-20)?
338
Let p be (-5)/(10/(-4))*45/18. Suppose 2*j + 56 = 4*z, p*j - 6 = z - 11. Calculate the remainder when 54 is divided by z.
9
Suppose 9*f - 153 + 45 = 0. Suppose f*k - 11*k - 499 = 0. What is the remainder when k is divided by 84?
79
Let l(m) = 12*m**2 + 2*m. Let q be l(-3). Let f = 105 - q. Suppose 53 = 4*w + 5*k, 8 = f*w - 3*k - 25. What is the remainder when 35 is divided by w?
11
Suppose -144*p - 16940 = -47*p - 168066. Calculate the remainder when p is divided by 39.
37
Suppose -4*c - 854 - 486 = 0. Let j = -270 - c. Calculate the remainder when j is divided by ((-2)/(-6))/(1/69).
19
Let x be -13 - (18 - 13)*1*-1. Calculate the remainder when 135 - 2*3/(-6) is divided by 28*((-27)/(-216) + (-7)/x).
24
Suppose -61*q - 406 = 61*q - 3700. Calculate the remainder when 1808 is divided by q.
26
Suppose 0 = j - 3*u - 327 - 212, -2*u = j - 514. What is the remainder when j is divided by 508?
16
Let t = -154 + 161. Suppose -6*y - y + t = 0. What is the remainder when 15 is divided by y?
0
Let j(b) = -66*b**3 - 3*b**2 - 3*b - 1. Let l(p) = 5*p - 151. Let z be l(30). Calculate the remainder when j(z) is divided by 28.
9
Suppose -2*r - 4 = -12. Let o(k) = 2*k**2 + 9*k + 5. Let v be o(-5). Suppose -14*u + v = -9*u. What is the remainder when r is divided by u?
0
Suppose 415 = 2*q - h, -q + h + 207 = -1. Calculate the remainder when 422 is divided by q.
8
Let y be (1 - 3/15)*(4 - -1). Let j = -267 + 375. Suppose h - y*h + j = 0. Calculate the remainder when h is divided by 20.
16
Suppose 1475 = 391*o 